 x(-1). Suppose 0 = 3*h - 3*q + p - 475, -3*h + 321 = -5*q. Calculate the greatest common factor of h and 16.
16
Let a be (4 + -2 - 7)/(3/(-30)). What is the highest common divisor of a and 225?
25
Suppose 0 = 92*r - 60*r - 68000. Calculate the highest common divisor of 17 and r.
17
Let d(z) = 2*z**2 - 9*z + 32. Let j be d(6). Let m be (-4)/(-6) - 58/(-3). Calculate the highest common divisor of j and m.
10
Let o = -12 + 11. Let b be (90/(-3))/((3/10)/o). Calculate the greatest common divisor of b and 25.
25
Let z = -19053 - -19059. Let n(r) = -r**3 - r**2 + 2*r - 3. Let g be n(-3). What is the greatest common divisor of z and g?
3
Let k be 1 - 0 - -4*(-4)/(-16). Suppose -i - 63 - 42 = -k*o, 0 = -o - 5*i + 25. What is the highest common divisor of o and 20?
10
Let z = 610 + 599. What is the greatest common divisor of z and 39?
39
Let m(p) = -p**3 + 44*p**2 - 3*p + 160. Let h be m(44). Let l be 2/(-9) - 76/(-18). Calculate the greatest common divisor of h and l.
4
Let o(z) = -13*z - 5. Let l = 3 - 4. Let q be o(l). Calculate the greatest common factor of 88 and q.
8
Let x be -1 + -1 + 1*9. Let d(t) = t**2 - 2*t + 1. Let w be d(1). Suppose w = -j - 4*j + 175. Calculate the greatest common divisor of j and x.
7
Let f(o) = -14*o - 12. Let y be f(-6). Suppose -a - 3*a + y = 0. Let z = -10 + a. Calculate the highest common divisor of 2 and z.
2
Let k = -114 - -170. What is the highest common factor of k and 98?
14
Suppose -17 = -z + i - 14, -2*z + i = -7. Calculate the highest common factor of 9 and z.
1
Let s = 153 + -85. Calculate the highest common factor of s and 119.
17
Let w be (-1 - (-42)/38) + (-1059292)/(-3211). Let i = 74 - 44. Calculate the highest common divisor of i and w.
30
Let o be 12*(-2)/(30/(-55)). Let n be 1/(-5) - (-168)/15. Calculate the highest common factor of o and n.
11
Suppose 2 = h + 1. Suppose h = -4*a + 85. Calculate the highest common factor of 14 and a.
7
Let o be -1 + -1 + 6 - 13. Let u be (-9)/((o/24)/1). What is the highest common divisor of 16 and u?
8
Let d = 0 - -18. What is the greatest common factor of 63 and d?
9
Suppose -5*i - 25 = 0, -3*g - 6*i + 2*i + 136 = 0. What is the highest common factor of 16 and g?
4
Suppose 18 = 2*v - 2*g + 4, -6 = 2*v + 3*g. Suppose v*r + 25 = 37. What is the greatest common factor of 4 and r?
4
Let r = 496 + -351. Calculate the highest common factor of 5 and r.
5
Suppose 3*r + 3 + 9 = 0. Let q be (1 + -3)*(-11 - r). Calculate the greatest common divisor of 28 and q.
14
Let m(h) = -225*h - 163. Let q be m(-5). Calculate the highest common factor of 26 and q.
26
Let m = 15 - 15. Suppose -120 = 4*w - m*x - 2*x, -x = 0. Let c = w + 156. What is the highest common divisor of 14 and c?
14
Suppose 724 = 4*l + i, 2*i = -2*l - 0*i + 368. Suppose 8*b = -2*b + l. Let u be 2/(-7) + (-44)/(-7). Calculate the highest common factor of b and u.
6
Suppose -22*v = -26*v - 4*i + 48, -4*v + i = -53. Calculate the highest common divisor of 91 and v.
13
Suppose 0*u - 4*u = -148. Suppose -3*z + 139 + 638 = 0. Calculate the highest common factor of z and u.
37
Let a be (279/(-124))/((-2)/2040). What is the greatest common factor of a and 135?
135
Let u = -43 + 44. Let x(c) = 2*c**3 - c**2 - 4*c + 3. Let w be x(2). Suppose -4 = 3*o - w*o. Calculate the highest common factor of u and o.
1
Suppose 8*k - 27*k + 1691 = 0. Calculate the highest common divisor of k and 445.
89
Let d = -75 + 80. Suppose -j = 3*c + 3*j - 447, 4*c - d*j - 565 = 0. Suppose 3*i + 3*h - 119 = i, 3*h = i - 55. What is the highest common factor of i and c?
29
Let i = -1443 - -1689. What is the greatest common factor of 902 and i?
82
Let l(i) = -4*i - 4. Let z(b) = 2*b + 2. Let v(t) = -2*l(t) - 5*z(t). Let d be v(-5). Suppose 2*c = d + 10. Calculate the highest common divisor of 81 and c.
9
Suppose -5*i - 5*s = -455, 0 = 3*i + 2*s - 263 - 10. Suppose 69 = 4*x - i. Calculate the highest common factor of x and 5.
5
Let b be (3 - -13) + (-4)/2. Suppose 4*c = b - 2. Let q be 34/c - (-8)/12. What is the highest common divisor of q and 12?
12
Suppose -4*z - 3*f + 303 = 0, -4*z + 10 = -5*f - 253. Calculate the highest common divisor of z and 64.
8
Suppose -5*v = -2*c + 4*c + 74, -3*v = 3*c + 39. Let l = v + 27. Calculate the highest common factor of l and 22.
11
Let m = 594 - 561. Calculate the highest common divisor of 3 and m.
3
Let w = 99 - -408. Calculate the greatest common divisor of 39 and w.
39
Let v = -31 - -44. Let n = 1163 + -864. Calculate the greatest common factor of n and v.
13
Let q be (-1)/(-2) - (-1)/2. Suppose -u + 5 = q. Let g(o) = 3*o**2 - 40*o + 52. Let d be g(12). Calculate the greatest common divisor of d and u.
4
Suppose -4*o + 0*o = -20, -2*a = o + 111. Let v = a + 109. Suppose 4*h = -4*z + 68, -z - 32 = -4*h + v. Calculate the greatest common divisor of h and 20.
20
Let x(o) = o**3 - 10*o**2 - 11*o + 13. Let a be x(11). Suppose a + 0 = n. What is the greatest common factor of n and 117?
13
Suppose 12 = 3*y - 6*y + w, -3*w = 0. Let r be (1 + 1)/(y/(-8)). Calculate the greatest common divisor of 10 and r.
2
Suppose 13*l - 504 = -15*l. What is the greatest common divisor of l and 270?
18
Let n = 49 - 47. Suppose 0 = -4*d - n*r + 4, 5*d + 0 - 7 = -2*r. What is the highest common factor of 15 and d?
3
Let i(q) = 9*q**2 - 2*q - 4. Let m = 101 - 103. Let f be i(m). What is the greatest common divisor of 18 and f?
18
Suppose 13 = 3*p - 2*p. Let z = -47 - -60. Calculate the highest common factor of z and p.
13
Suppose 5 = 4*t - 11. Suppose -r = -4*a - 11 - 5, -27 = -3*r + 5*a. Calculate the highest common divisor of t and r.
4
Let u(m) = m**3 + m**2 + 8*m - 39. Let i be u(5). Let a be 2039/7 - 2/7. Let o = a - i. What is the highest common divisor of o and 14?
14
Let v = 11 - 8. Suppose -v*m + 78 = -3*j + 18, -25 = 5*j. What is the highest common divisor of 10 and m?
5
Let b be 7 + (0 - -79) - (-24)/(-4). What is the greatest common factor of 70 and b?
10
Let s be 40/380 - (-4100)/38. Suppose 0 = -3*f + 3, -49 = -5*d + 3*f + s. Calculate the greatest common factor of 8 and d.
8
Let d(p) = p**3 - 13*p**2 + 7. Suppose -10 = -2*g + 4*t, -g + t - 3 = -3*t. Let w be d(g). What is the greatest common divisor of w and 7?
7
Suppose 0*z + 52 = z. Let r be 616/z - 2/(-13). Calculate the highest common factor of 96 and r.
12
Let l be -2 + 49 + 4 - 1. Suppose -l - 90 = -5*k. Calculate the highest common divisor of k and 4.
4
Let t be 16/(-24)*2*(-116 - 1). What is the greatest common factor of 12 and t?
12
Suppose -76*b + 15275 = 5699. Calculate the greatest common factor of 28 and b.
14
Suppose v = 2*r - 17, -5*v = 4*r - 9*v - 24. Calculate the greatest common factor of 671 and r.
11
Let r = 1211 + -1134. Calculate the highest common factor of r and 2.
1
Suppose 5*h = 5*s - 2100, 0*s + 4*s - 3*h = 1684. What is the greatest common divisor of s and 8?
8
Let i be 2/(-6) - 28/6. Let s be ((-6)/i)/(4/10). Calculate the highest common divisor of s and 2.
1
Suppose 0 = 21*f - 19*f - 2*t - 2166, 2*f - t = 2162. Calculate the greatest common divisor of 13 and f.
13
Suppose -5*f - 3*a - 177 + 1248 = 0, -3 = a. Calculate the greatest common factor of f and 324.
108
Suppose 6 = 8*g - 11*g. Let u(s) = -s**3 + 1. Let x be u(g). Let q = -111 - -210. Calculate the greatest common divisor of x and q.
9
Let m = -83 + 173. Let u be 156*(-2)/(-10) + (-18)/m. Calculate the highest common divisor of u and 248.
31
Suppose -f + 2 = 0, 2*f + 52 = 2*n - 0*f. Let y = 192 + -167. Let l be 14/35 - (-90)/y. What is the greatest common divisor of n and l?
4
Let v = 453 + -444. Calculate the highest common factor of 1 and v.
1
Suppose -i + 178 = 2*t, -4*t = -89*i + 88*i + 148. Calculate the highest common divisor of 2688 and i.
168
Suppose -10*w = -84 - 6. Suppose 25 - w = y - g, 44 = 3*y - g. Calculate the greatest common factor of 14 and y.
14
Let p = 75 - 36. Let n be 1 + 1 + p/3. What is the greatest common divisor of n and 105?
15
Let x be 4/24 + 395/6. Suppose f + x = 4*f. Calculate the greatest common divisor of f and 55.
11
Suppose 6*h - 4551 = 5943. What is the greatest common divisor of 53 and h?
53
Let s = -809 + 812. Let b = 11 - -16. Calculate the highest common divisor of s and b.
3
Let a be (1/4)/(8/288). Suppose -a*s + 11*s - 36 = 0. What is th